00033?
-100030
In base 14, what is 88 + 71?
119
In base 7, what is -3163 - 22?
-3215
In base 8, what is 1026 + -5?
1021
In base 14, what is -5 - -1b?
16
In base 3, what is -2202 + 1100?
-1102
In base 7, what is -246 + -4?
-253
In base 9, what is -3 - 1533?
-1536
In base 15, what is 0 - 30d?
-30d
In base 2, what is -1100 - 10111110?
-11001010
In base 3, what is -101 - 200?
-1001
In base 10, what is 3 - -23?
26
In base 9, what is 5 - -3637?
3643
In base 5, what is -42 + 1030?
433
In base 13, what is -408 - -1?
-407
In base 15, what is 30c - -4?
311
In base 14, what is 24 + c?
32
In base 8, what is 404 + -23?
361
In base 16, what is 0 + -3e?
-3e
In base 6, what is -142 - -510?
324
In base 12, what is 2 - 844?
-842
In base 3, what is 1001 - 12?
212
In base 15, what is 1 + 176?
177
In base 12, what is -7790 - -5?
-7787
In base 10, what is 1048 + 0?
1048
In base 10, what is 8 - 20?
-12
In base 3, what is -11012 + -1?
-11020
In base 13, what is 181 + 26?
1a7
In base 10, what is -6 + 340?
334
In base 4, what is 3000 + -2022?
312
In base 8, what is 0 + 15?
15
In base 10, what is 4 - -911?
915
In base 13, what is -4 - -228?
224
In base 7, what is -1143 - -5?
-1135
In base 10, what is 1072 + -7?
1065
In base 14, what is -2 - -4aa?
4a8
In base 8, what is 1 + 22?
23
In base 9, what is -12 + -145?
-157
In base 12, what is 54a + 0?
54a
In base 5, what is -13 + -233?
-301
In base 16, what is -4 + 122?
11e
In base 12, what is -6 + 55?
4b
In base 8, what is -6 + 5?
-1
In base 6, what is 2 + -4141?
-4135
In base 12, what is 4 - 5b1?
-5a9
In base 5, what is -13 + 432?
414
In base 5, what is 242 - 10?
232
In base 6, what is 100 + 3035?
3135
In base 11, what is -1 - 100?
-101
In base 6, what is -1332 - -2?
-1330
In base 5, what is -1 + -312?
-313
In base 11, what is -42 - 5?
-47
In base 8, what is 46 - -17?
65
In base 2, what is -101 + 1111000?
1110011
In base 7, what is -253 + -3?
-256
In base 8, what is 57 - -300?
357
In base 2, what is -1001 + 1?
-1000
In base 11, what is -68 + 2?
-66
In base 11, what is -3 + 172?
16a
In base 5, what is -1041 + -4?
-1100
In base 10, what is -6108 - -1?
-6107
In base 15, what is 5 - -1498?
149d
In base 13, what is -2 - 34?
-36
In base 10, what is -84 + 1?
-83
In base 3, what is -12 - -1000?
211
In base 10, what is -17 + -54?
-71
In base 13, what is 53 - -1b?
71
In base 13, what is c55 + 5?
c5a
In base 14, what is -a6 - -13?
-93
In base 4, what is -13 - -1322?
1303
In base 9, what is 14866 + -2?
14864
In base 5, what is 14321 - -11?
14332
In base 3, what is -1101 + -210?
-2011
In base 10, what is 45 - 2?
43
In base 15, what is 1d89 - 1?
1d88
In base 3, what is 1 + -121?
-120
In base 6, what is -2 - -1240?
1234
In base 15, what is -de - -1?
-dd
In base 6, what is -232 - -13?
-215
In base 2, what is -101000 + 110111?
1111
In base 10, what is 0 - 104?
-104
In base 2, what is 10000 + 11?
10011
In base 5, what is -4 + 40334?
40330
In base 11, what is -182 + 51?
-131
In base 6, what is -401 + -3?
-404
In base 3, what is -120011 + 11?
-120000
In base 3, what is -221 - -12020?
11022
In base 9, what is 2132 - -26?
2158
In base 7, what is -5 + -634?
-642
In base 5, what is -2130 + -131?
-2311
In base 2, what is 10100010 + 1011?
10101101
In base 2, what is -111000010 + 11100?
-110100110
In base 9, what is 1 - -3272?
3273
In base 13, what is 1714 - 2?
1712
In base 14, what is 1c - -7a?
98
In base 6, what is 2 - 21055?
-21053
In base 7, what is 11 - -314?
325
In base 4, what is 2 + 13031?
13033
In base 5, what is -133040 - -4?
-133031
In base 15, what is -2 + 0?
-2
In base 6, what is 224 + -35?
145
In base 7, what is -2 + 146?
144
In base 7, what is -111 + -150?
-261
In base 15, what is -3c3 + 1?
-3c2
In base 2, what is -10001100 - 0?
-10001100
In base 14, what is -6 + -8?
-10
In base 15, what is -692 - -3?
-68e
In base 15, what is -8 - -386?
37d
In base 9, what is -2 + 106?
104
In base 3, what is 10 + -10021?
-10011
In base 4, what is -21 + 3230?
3203
In base 7, what is 35 - 2?
33
In base 13, what is 32c - -10?
33c
In base 4, what is -3021 - 11?
-3032
In base 7, what is 13 - 15?
-2
In base 2, what is -1100111 + 11?
-1100100
In base 9, what is -762 - 2?
-764
In base 16, what is 0 + -32?
-32
In base 7, what is -110 - -5?
-102
In base 16, what is -3 - -945?
942
In base 2, what is 100 + -10111001?
-10110101
In base 7, what is 6 - 1456?
-1450
In base 14, what is 0 - -8?
8
In base 14, what is 33 - 8?
29
In base 16, what is -5 + 199e?
1999
In base 2, what is -101101100111 - 101?
-101101101100
In base 13, what is 291 - 5?
289
In base 10, what is -5 + 6?
1
In base 9, what is -386 + 24?
-362
In base 11, what is -1 - -18a2?
18a1
In base 11, what is -aa - 4?
-103
In base 6, what is -1 + -444?
-445
In base 4, what is 2 + 32212?
32220
In base 15, what is -4 - -22?
1d
In base 12, what is 8 - -8?
14
In base 9, what is 21 - 2?
18
In base 3, what is 1000 - -2222?
10222
In base 14, what is -1a8 - 1?
-1a9
In base 14, what is -45 + 19?
-2a
In base 3, what is 22100 + -2?
22021
In base 12, what is 10 + -229?
-219
In base 2, what is -1011101001 - -100?
-1011100101
In base 8, what is 2 + -1125?
-1123
In base 13, what is -60 - -3?
-5a
In base 13, what is 10085 + 3?
10088
In base 9, what is -22 + 240?
217
In base 6, what is -4022 - 4?
-4030
In base 2, what is -110010111 - 10?
-110011001
In base 4, what is 30322 - -3?
30331
In base 10, what is -3 + -74?
-77
In base 2, what is 100 - -1010?
1110
In base 2, what is 1000 - 101001?
-100001
In base 16, what is 5 - -c?
11
In base 2, what is 1000100101100 + 11?
1000100101111
In base 9, what is 136 - -33?
170
In base 4, what is 1111133 - -3?
1111202
In base 2, what is 100 + -10000000?
-1111100
In base 7, what is 4351 + -5?
4343
In base 10, what is -5 + -723?
-728
In base 8, what is 172 - 5?
165
In base 4, what is 121 + 21?
202
In base 5, what is -43 - 1412?
-2010
In base 4, what is -32032 + 3?
-32023
In base 16, what is 3 + 9d?
a0
In base 11, what is -2 - 4?
-6
In base 7, what is 20004 + -4?
20000
In base 14, what is 38 - 3?
35
In base 3, what is -1001121 + -10?
-1001201
In base 13, what is -26 + 28?
2
In base 7, what is 1213 + 4?
1220
In base 16, what is 4b3 + 3?
4b6
In base 4, what is -311 + -2?
-313
In base 6, what is -5 - -21?
12
In base 8, what is 14400 - -1?
14401
In base 8, what is 150 - -16?
166
In base 6, what is -31 - 32?
-103
In base 7, what is 455 - -4?
462
In base 10, what is 10 - 8?
2
In base 2, what is -101011 - 100010?
-1001101
In base 10, what is 4 + 1839?
1843
In base 12, what is -287 + -12?
-299
In base 3, what is -102 - -201?
22
In base 5, what is -4 - 302?
-311
In base 14, what is -11d + -2a?
-149
In base 16, what is 235 - -4?
239
In base 11, what is -7 - -65?
59
In base 6, what is 320050 + 0?
320050
In base 12, what is 453 - 2?
451
In base 11, what is -6 + -19?
-24
In base 11, what is -aa + -2?
-101
In base 7, what is 3620 + 4?
3624
In base 7, what is 14 + -554?
-540
In base 13, what is 51 - 6?
48
In base 12, what is a6 - 4?
a2
In base 2, what is -1000 - 101?
-1101
In base 6, what is 10434 - 0?
10434
In base 5, what is 1402 + -4?
1343
In base 10, what is 152 - 15?
137
In base 10, what is -91 + -3?
-94
In base 8, what is -544 + 76?
-446
In base 8, what is -3234 + -4?
-3240
In base 13, what is -29c - -16?
-286
In base 12, what is 2a + 130?
15a
In base 8, what is -7 - 2264?
-2273
In base 10, what is 71 - 8?
63
In base 10, what is 18528 + 5?
18533
In base 15, what is 5 + -169?
-164
In base 10, what is 4 + 88?
92
In base 11, what is a708 - -4?
a711
In base 10, what is -18 - -1?
-17
In base 4, what is -13 + 2211?
2132
In base 7, what is -45 - 15?
-63
In base 9, what is -3 + -66?
-70
In base 14, what is 11 + -1?
10
In base 13, what is 2a + 2c6?
323
In base 14, what is a3 + -18?
89
In base 12, what is -12 - -217?
205
In base 2, what is 1 - 11100001?
-11100000
In base 16, what is 15 + -2c?
-17
In base 7, what is 32030 - -1?
32031
In base 10, what is 3 - -41?
44
In base 16, what is 5f - 0?
5f
In base 12, what is -92 + 4?
-8a
In base 2, what is -110100 - -10011?
-100001
In base 10, what is -5 + 345?
340
In base 13, what is -5 + -24?
-29
In base 11, what is 2 - -81?
83
In base 8, what is -140 - 142?
-302
In base 7, what is -151 - -4?
-144
In base 12, what is -8 + -4?
-10
In base 10, what is -150 - 20?
-170
In base